 digit of q?
7
Suppose -5*d - 4867 = -5*k + 673, -1100 = -k - 3*d. What is the hundreds digit of k?
1
Let m(z) = -389*z + 5. What is the units digit of m(-1)?
4
Let o(f) = -6*f - 12. Let p be o(-3). Suppose p*v - 925 = v. What is the hundreds digit of v?
1
Let i(g) = 101*g**3 + 3*g**2 - 106*g + 97*g**3 + 105*g - g**2. What is the tens digit of i(1)?
9
Let j(b) be the second derivative of 49*b**4/12 - b**3/6 - b**2/2 + 17*b. What is the tens digit of j(-1)?
4
Suppose -5*y = -10*y. Suppose 0 = -j - y*l + l + 35, 0 = -4*l. What is the units digit of j?
5
Suppose -7*x = -3*x - 8, -n - 5*x = -12. What is the units digit of 1*(0 + n) - -65?
7
Suppose 6*q = 3*q + 582. Suppose -4*r + 126 + q = 0. What is the tens digit of r?
8
Let y = -16 - -14. Let c be ((-1)/y - 2)*10. What is the units digit of (c/5)/((-1)/3)?
9
Let z = -1 - -9. Let r = 1705 - 1775. Let i = z - r. What is the tens digit of i?
7
Let u(y) be the third derivative of y**5/20 - y**4/6 + 5*y**3/3 + 11*y**2. Let s(q) be the first derivative of u(q). What is the units digit of s(9)?
0
Suppose 3*r - 13450 = -5*x - 3381, -3*x - r = -6039. What is the units digit of x?
2
Suppose 4*c + 3766 = 4*i + 5*c, -4*i + 5*c + 3754 = 0. What is the tens digit of i?
4
Suppose 4*z = 2*z - 4. What is the units digit of -4 - (-4 + (z - 2))?
4
Suppose -y = -2*s - 521, 0 = 3*y - 2*y + 5*s - 528. What is the hundreds digit of y?
5
Suppose l - 3894 - 2168 = -3*j, 3*j = 2*l + 6074. What is the thousands digit of j?
2
Let h be (-10)/(6/(-2 + -1)). Suppose h*m + 258 = -m. Let i = m + 77. What is the tens digit of i?
3
Suppose r + 2 = 5. Suppose w = -r*z + 3*w + 1076, 0 = 2*z - 4*w - 712. What is the tens digit of z/(-16)*2/(-3)?
1
Suppose -o - 89 = q - 3*q, 0 = 2*q - 2. Let z = o - -240. What is the tens digit of z?
5
Let x(l) = 3*l**2 - 13*l + 7. What is the tens digit of x(10)?
7
Let j(o) = -o**3 - o**2 + 2*o + 5. Let l be (-6)/(-27) - 4/18. Let p be j(l). Suppose -2*f + 4 = -p*z - 64, 0 = 3*f + 2*z - 102. What is the units digit of f?
4
Let n(k) = 28*k - 6*k + 148 - 126. What is the tens digit of n(11)?
6
Let r be -3 + 78/4*6. Let k be r/10 - 12/30. Suppose -2*d - k - 10 = -m, -d = 2*m - 27. What is the units digit of m?
5
Let p(x) = 92*x + 159. What is the tens digit of p(5)?
1
Suppose 3*z + 3*r + 6 = -0*r, -4*z = 2*r + 6. Let p be 18/(z - (-12)/4). Suppose 4*b - p*b = -180. What is the units digit of b?
6
Let x be 2/(-2) - 0 - 0. Suppose -37*z + 44 = -15*z. What is the units digit of 6 - (z + (x - 1))?
6
Suppose 4*o - 318 = -4*v + 2*v, 4*o - 5*v - 339 = 0. Let p = o + -38. What is the tens digit of p?
4
Suppose 159 = -y + 233. What is the units digit of y?
4
Suppose -o = 4*h - 4, 3*h = o + 5*h - 2. What is the tens digit of (76/12 - 7)*(-159 - o)?
0
Suppose s + p + 361 = 6*s, -146 = -2*s + 2*p. Let r = -37 + s. What is the tens digit of r?
3
Let r(w) = -25*w**3 - 5*w**2 - 77*w - 356. What is the tens digit of r(-5)?
2
Let j(m) = m**3 - 4*m**2 - 6*m + 12. Let h be j(-9). Let d = -65 - -37. What is the tens digit of h/d + 2/(-8)?
3
Suppose a - 45 = -41. Suppose -5*z - a*z + 396 = 0. What is the units digit of z?
4
Suppose -8*s + 1360 + 424 = 0. What is the tens digit of s?
2
Let v(z) = z**3 + 7*z**2 - 31*z - 35. What is the tens digit of v(-9)?
8
Let g(y) = y + 20. Let n be g(-9). Let d = n + -12. Let v(s) = 44*s**2 - 2*s - 1. What is the units digit of v(d)?
5
Let b(n) = 140*n**2 - n + 2. Let h be b(-2). Suppose -h = -3*z - 219. Let g = z - 42. What is the units digit of g?
3
Let j(k) be the first derivative of 3*k - 5 + 5/2*k**2. What is the units digit of j(3)?
8
Suppose -5*s + 2*k + 8247 = 0, -3*k + 7*k + 1635 = s. What is the units digit of s?
1
Let q(o) = -o + 6. Let x be q(8). Let w be 2 - (-6 + 4) - -19. Let m = w + x. What is the units digit of m?
1
Suppose -4*z - 5*l - 4 = 0, -2*z - 2*l = -z - 2. Let w(t) = t**2 + 4*t + 1. What is the units digit of w(z)?
3
Suppose -g = -4*p - 2, -4*p = -9*p - 5*g + 10. Let o(r) = -r**3 - 2*r + 63. What is the tens digit of o(p)?
6
Let a = -837 - -1559. What is the units digit of a?
2
Let v(p) be the first derivative of -2*p**2 - 1/4*p**4 - p - 4 + 5/3*p**3. What is the units digit of v(3)?
5
Let i = -19 + 81. Suppose -5*q = k - 296, 3*q - 2*q + 3*k - i = 0. What is the tens digit of q?
5
Let s = 31 + -34. Let m = 5 - s. What is the units digit of m?
8
What is the tens digit of (-20)/(-8)*148772/130?
6
Let x(j) be the first derivative of 1/3*j**3 + 2*j**2 - 7 - 7*j. What is the tens digit of x(5)?
3
Suppose -110 = 4*r + r. What is the tens digit of (-1302)/r - (-4)/(-22)?
5
Let x(f) = -f**2 - 9*f - 3. Let d be x(-8). Suppose d*v - 7*v + 242 = 0. What is the units digit of v?
1
Let v(a) = -4*a**2 + 8*a + 21*a + 7*a**2 - 4*a**2 + 9. Let l be v(20). Suppose 9*z - l = 477. What is the units digit of z?
4
Suppose i = -o - 2, 8 = 2*i - o - 0. Let h be 84 - (2 - i) - -2. Suppose -4*v + 72 = 3*x + x, -h = -5*v - x. What is the tens digit of v?
1
Let h be ((-2)/5)/((-7)/630). Let w = -34 + h. Suppose 0 = 4*t + 6*p - w*p - 248, 0 = -5*t + p + 310. What is the tens digit of t?
6
Suppose 2*b + 7*o - 2*o = -242, 3*b + 342 = 3*o. Let m = b - -208. What is the tens digit of m?
9
Suppose d - 6 = -1, -d = 2*p - 127. What is the tens digit of p?
6
Let m(i) = -i**3 + 5*i**2 - i + 5. Let n be m(4). Suppose -d - 8*d = -27. Suppose d*q - n - 52 = 0. What is the tens digit of q?
2
Suppose 25 = -x + 4*w, 5*x + 2*w + 202 = 55. Let q = 25 + x. What is the tens digit of ((-46)/(-6))/(q/(-36))?
6
Let k(i) = 2*i + 31. Let w be k(-13). Suppose -w*p + 2*p = -195. What is the units digit of p?
5
Let m = 294 - 131. What is the hundreds digit of m?
1
What is the units digit of (-209313)/(-156) + (-2)/(-8)?
2
Let g = 37 - 34. What is the units digit of -1 + 24 + (g - 2 - 4)?
0
Suppose -3*c - c + 8 = 0. Let y(r) = -4 - 1 - 8*r - 2*r**c + r**2 - 3*r. What is the tens digit of y(-7)?
2
Let m(t) = -t**2 - 13*t - 20. Let x be m(-11). Let z(f) be the first derivative of f**4 - 2*f**3/3 + f**2/2 - 3*f + 8. What is the tens digit of z(x)?
2
Let m = 3835 + -1957. What is the tens digit of m?
7
Let j = 301 - 117. Suppose 5*z - 47 + j = h, -2*h + z + 310 = 0. What is the units digit of h?
7
Let x(f) = -2*f**2 + 17*f - 5. Let v be x(8). Suppose 15 = v*d - 27. What is the units digit of d?
4
Suppose 0 = 14*o - 2*o - 9516. What is the tens digit of o?
9
Suppose -a = 3 - 6. Suppose -7*b = -4*b. What is the tens digit of 14 - (b - a)*-1?
1
Let r(o) = -o**2 + 6*o - 8. Let p be r(4). Suppose 3*f - 49 = -g, -3*g - 3 + 6 = p. What is the units digit of f?
6
Suppose -3*i + 1539 = 246. What is the hundreds digit of i?
4
Let r = 70 - 107. Let h = 55 + r. What is the tens digit of h?
1
Suppose 24 = 3*o - 3*z, -2*z + 4*z = -4*o + 38. Suppose -6*l = -o*l + 189. What is the tens digit of l?
6
Let x(j) = -j**3 + 3*j**2 + 2*j + 2. Let t be x(3). Suppose 29 = -3*l + t. Let p(d) = d + 16. What is the units digit of p(l)?
9
What is the tens digit of (26/10)/(3*(-1)/(-165))?
4
Let q = -389 + 597. Suppose 5*v = q + 2. What is the tens digit of v?
4
Suppose -25*d = -6*d - 988. Let b be 24/9 + (-2)/3. Suppose -3*y = -8*y - b*p + d, 4*y + 4*p = 44. What is the units digit of y?
0
Let j(b) = -b**3 - 6*b**2 + 5. Let f be j(-6). Suppose -f*n + 12 = -18. Suppose -5*m - 33 = -n*m. What is the units digit of m?
3
Let g(a) = -39*a + 9. Let h(t) = 8*t - 2. Let c(u) = 5*g(u) + 24*h(u). Let b be c(-12). Suppose 4*f = f + b. What is the units digit of f?
1
Suppose 0 = -9*t + 5771 + 10942. What is the thousands digit of t?
1
Let v(y) be the third derivative of 7*y**5/12 - y**4/12 - y**3/6 + 2*y**2. What is the tens digit of v(-1)?
3
Suppose 6*v = -7*v + 39. Suppose 0 = v*i - q - 239, 238 = 3*i - 0*i - 2*q. What is the tens digit of i?
8
Suppose 0 = 5*j - 4*j + 2. Let m be (21/j)/(-1)*2. Suppose 5*d - 156 = -m. What is the tens digit of d?
2
Let r = -1038 + 4513. What is the hundreds digit of r?
4
Suppose 0 = 4*i - 5*i + 331. Let o = i + -95. What is the hundreds digit of o?
2
Suppose -28 = -4*n + 292. Suppose -7*b = -2*b - n. What is the tens digit of b?
1
Let m be (1 - 2)*(-565 - 2). Suppose -m = 31*l - 38*l. What is the tens digit of l?
8
What is the tens digit of ((-4930)/(-232))/((-1)/(-12))?
5
Let b(f) = 6*f + 236. What is the tens digit of 